96. List the prime factors of s.
2, 131
Let w be -3 - 0 - (-21)/(-3). List the prime factors of ((-40)/(-25))/((-1)/w).
2
Let v = -18 - -36. Suppose 0 = -5*c + u + 3 - v, -4*c = -2*u + 6. List the prime factors of 4/(-6)*(1 + c).
2
Let h be -5*3*(6 - 3). Let r = -23 - h. What are the prime factors of r?
2, 11
Suppose 0 = 4*h - 275 + 83. What are the prime factors of h?
2, 3
Suppose 4 = -4*v + 3*v - 3*i, 4*v = 5*i + 35. Suppose 3*x + 88 = -v*z, -2*x + 22 = -3*x + 2*z. Let o = -17 - x. List the prime factors of o.
3
Suppose 5 = 5*y - 10. Suppose c = y + 4. List the prime factors of c.
7
Let c(l) be the second derivative of l**5/4 - l**4/12 + l**3/6 - 2*l. List the prime factors of c(1).
5
Let m be 4/(-10) - 17/(-5). Suppose -23 = -x + m. List the prime factors of x.
2, 13
Let l(c) = 3*c**2 - 7*c + 6. Let u be l(7). Suppose 2*b + 32 - u = 0. Let q = b - 26. What are the prime factors of q?
2, 5
Suppose 5*v - 6 = 3*v. Suppose 2*u + 0*u = -2. Let k = v + u. List the prime factors of k.
2
Suppose 4*y = 2*w - 648, -394 = 4*w + 3*y - 1668. List the prime factors of w.
2, 5
Suppose u - 4*a - 19 = 0, -3*a - 2*a - 29 = -3*u. Suppose 0 = -2*v - u*v. List the prime factors of 1/(v - (-3)/33).
11
Let f be ((-18)/12)/((-3)/4). Suppose 0 = 5*b - 2*p - 96, p + f*p = 5*b - 94. What are the prime factors of b?
2, 5
Let p = 76 + -37. What are the prime factors of p?
3, 13
Suppose 0 = y - 2*y - 4*x + 14, y + 13 = 5*x. Suppose -1 = z - y*z. Let n = z + 6. List the prime factors of n.
7
Suppose 5*v + 11 = -9. List the prime factors of 1/2 + (-18)/v.
5
Suppose -1 = a, -o + 0*a = 3*a. Suppose -2*c - 26 = -4*r, 2*r + o - 1 = -4*c. List the prime factors of r.
5
Suppose 2*d + 48 + 40 = 2*o, 2*d + 232 = 5*o. What are the prime factors of o?
2, 3
Suppose -4*m = -3*c + 163, -4*c - m + 160 = -51. What are the prime factors of c?
53
Let t = 166 - 96. What are the prime factors of t?
2, 5, 7
Let p(x) = x**3 + 3*x**2 - 6*x - 6. Let g be p(-4). Suppose -g*s + 45 = -79. List the prime factors of s.
2, 31
Let r(a) = 2*a**2 + 2*a + 2. Let k be r(-4). Suppose 0 = -2*v + 3*v - k. What are the prime factors of v?
2, 13
Suppose 2*c - c = 2. Suppose 0 = c*w + 3 + 17. Let u(v) = -v**2 - 12*v - 15. What are the prime factors of u(w)?
5
Suppose 0 = -4*j + 3*j + 4. Suppose -3*h = 3*a - 30 - 3, 0 = -j*a + 4*h + 12. List the prime factors of a.
7
Let u(b) = -b**2 - 8*b - 5. Let f be 4*(1 + (2 - 5)). Let p be u(f). Let r = p - -14. What are the prime factors of r?
3
Suppose 4*y - 5*w - 780 = 0, 3*w = 2*y + w - 390. Suppose n - 6*n + y = 0. What are the prime factors of (-2)/(-3) + n/9?
5
List the prime factors of (1*2)/((-16)/(-632)).
79
Let z(q) = q**3 + 5*q**2 - q - 2. Let i be z(-5). What are the prime factors of i/(-18) - (-170)/12?
2, 7
Let z = 33 + -5. What are the prime factors of z?
2, 7
Let i(q) = -q**3 - 2*q**2 - 5*q - 10. What are the prime factors of i(-7)?
2, 3, 5
Let k(t) = t**3 + 2*t**2 - t - 1. Let i be k(2). Let y = 23 - i. List the prime factors of y.
2, 5
Let p(v) = 2*v**2 + 2*v. Let c be p(2). Suppose 0 = s - 4*i - 21, -2*s - 5*i = -s - c. Suppose w - 4*u + 1 = -s, 5*u - 15 = 5*w. List the prime factors of w.
2
Suppose 3*h - 2*h + 7 = q, -3*q + 5*h = -29. Let o(n) = n**2 - 2*n. Let w be o(4). Suppose -2*t - q*r = -3 + w, -5*r - 15 = 0. What are the prime factors of t?
2
Let g = -1 + -4. Let z = 0 - g. What are the prime factors of z?
5
Suppose -5*a - 12 = -227. Suppose 4*p - 5*b - a = 0, -4*p + 5*b - b = -40. List the prime factors of p.
7
Let h = -11 + 30. List the prime factors of h.
19
Suppose 4*h + 4*w = -16, h + 28 = -h + 3*w. Let d = 5 - h. What are the prime factors of d?
13
Let s = 6 + -2. Suppose h + 84 = s*h. Suppose h = u - 3*b + 5, 4*b = -20. What are the prime factors of u?
2
Let u = -52 + 71. List the prime factors of u.
19
Suppose 6*l - 10 = l. Let a be (l/(-6))/(9/(-459)). What are the prime factors of a - (-2 - -3 - -1)?
3, 5
Let f(v) be the second derivative of -2*v**2 - 1/2*v**3 + 0 + v. What are the prime factors of f(-6)?
2, 7
Let m be (-18)/14 - 8/(-28). Let q be (6 + -3)*m/(-1). Suppose p - 8 = -q*p, 5*g - 2*p - 56 = 0. What are the prime factors of g?
2, 3
Let m be ((-4)/12)/((-1)/(-3)). Let x be (m + 1)*(-3)/6. List the prime factors of (3*1)/(1 + x).
3
Let g(z) = z**3 + 4*z**2 - z. Let q be g(-4). Let c = 5 + q. What are the prime factors of c?
3
Let t = 4 - 7. Let z be (t/1)/((-6)/(-4)). What are the prime factors of 2*-7*1/z?
7
Let q be (-1 + 3/6)*0. Let y(k) = k + 30. List the prime factors of y(q).
2, 3, 5
What are the prime factors of (-13)/(-52) - 1070/(-8)?
2, 67
Let s(q) = q**2 - 12*q - 4. List the prime factors of s(14).
2, 3
Let d = -3 + 3. Suppose -h - 2*h + 30 = d. What are the prime factors of h?
2, 5
Let f(p) = p**3 - 17*p**2 + 10*p - 2. List the prime factors of f(17).
2, 3, 7
Let w be (5 - 11)*(-2)/3. Suppose -3 = w*a - 15. Suppose 3*n - r + 4*r = 6, 12 = -a*r. List the prime factors of n.
2, 3
Let a(z) = z**3 + 9*z**2 + 7*z + 1. What are the prime factors of a(-7)?
2, 5
Let l = 103 + -73. What are the prime factors of (-2)/12 - (-1175)/l?
3, 13
List the prime factors of (12430/(-4))/(-11) - (-1)/(-2).
2, 3, 47
Let y = -13 + 42. List the prime factors of y.
29
Let q be 2/(-5) - (-4)/10. Suppose r + 2 - 9 = q. Suppose 5*g = y + r + 20, 2*g - y = 9. What are the prime factors of g?
2, 3
Suppose 19*l - 894 = 13*l. What are the prime factors of l?
149
Suppose -3*n = -0*n - 105. What are the prime factors of n?
5, 7
Suppose u - 8 = 76. Let g = u - 41. List the prime factors of g.
43
Let y be 57/21 - 2/(-7). Let n be ((-8)/(-6))/(y/9). Suppose -30 = n*w - 9*w. What are the prime factors of w?
2, 3
Suppose -9 = 4*c - 7*c. Suppose v + c*v - 16 = 0. Suppose 4*b - 3*h - 56 = h, v*b - 2*h - 52 = 0. List the prime factors of b.
2, 3
Let q(t) = -6*t**3 - 5*t**2 + 2*t + 13. List the prime factors of q(-3).
2, 31
Let r(v) = 6*v + 0*v**3 - 2*v**3 - 6 + v**3 + 3*v**2. List the prime factors of r(4).
2
Let v = 10 + -7. Suppose 121 = 5*w + v*j, -13 = -w - 4*j + 1. Suppose -3*d + w = m, 2*d + 1 = -m + 22. What are the prime factors of m?
11
Suppose 0 = 4*l - l. Suppose -4*k + 26 = 2*i, -2*k + 17 = -l*i - 3*i. List the prime factors of k.
7
Suppose -3*j - 2*j = -35. Let v(p) be the first derivative of p**3/3 - 3*p**2 + 5*p + 1. What are the prime factors of v(j)?
2, 3
Let d = -60 + 123. What are the prime factors of d?
3, 7
Suppose 1 = -4*r + 13. Suppose 0 = w + r*w + 4*n - 40, 0 = -3*w - 5*n + 36. Let p = w - 4. List the prime factors of p.
3
Let q = 53 - 37. List the prime factors of q.
2
Suppose 4 = 3*f - 2. List the prime factors of (f - (-2 + 2)) + 1.
3
Let f = -6 - -5. What are the prime factors of 1 - (-1 + f + 0)?
3
Suppose -d - j + 5*j = -10, 5*j + 5 = 0. Let z be (5 + 1)/((-4)/d). Let b = z - -16. List the prime factors of b.
7
Suppose 4*x - 83 = 45. What are the prime factors of x?
2
Let p = -53 - -180. List the prime factors of p.
127
Let s be 12/8*(-10)/(-3). Suppose s*z - 4*n - 205 = 0, 2*z - 65 = 6*n - n. What are the prime factors of z?
3, 5
Suppose -a - 12 = -5*j, 1 - 7 = -2*j. Suppose -a*l + 8*l = 110. What are the prime factors of l?
2, 11
Let r(i) be the first derivative of i**3/3 + 2. List the prime factors of r(-2).
2
Let s(j) = 7*j + 2. Let p be s(-2). Let f = p - -17. List the prime factors of f.
5
Let u(o) = o**3 - 2*o**2 - 4*o + 8. List the prime factors of u(6).
2
Let a be (0 + -1)/((-3)/(-51)). Let m = 69 + a. Suppose -3*v = -7*v + m. List the prime factors of v.
13
Suppose 3*k - 2*b - 2 = 0, -2*b = 2*k + 3*b + 5. Suppose -5*n + 30 = -5*p, p = -5*n - k*p + 12. List the prime factors of n.
3
Let q be 9/(-3) - 1*-3. Let r = 12 + q. What are the prime factors of r?
2, 3
Let b be (1/3)/((-11)/(-1221)). Suppose -2*g + 29 = -b. List the prime factors of g.
3, 11
What are the prime factors of 4/(-18) - ((-1052)/36 + 5)?
2, 3
Let v be (-2 + -34 - 3) + 3. Let c be (v/(-15))/(3/(-15)). List the prime factors of 56/c*(-2 + -1).
2, 7
Suppose 264 = -4*v + h, -2*v - 2*h = 2*v + 264. Let o = v + 92. List the prime factors of o.
2, 13
Let k(u) = u**3 - 8*u**2 - u + 10. Suppose 0 = 4*f - 9 - 23. What are the prime factors of k(f)?
2
Suppose -j = 3*d - 242, -d - 17 = -3*j - 91. Suppose -u = 3*u - 4*v - d, -3*u - 5*v + 28 = 0. List the pr